44 = -l - 0*l. Calculate the remainder when l is divided by 12.
8
Let r = 1 + 0. Let w be r/(-2)*(6 - 2). Calculate the remainder when w*2/4*-24 is divided by 9.
6
Suppose 4*u - 14 = -2*c, c - 2*u = -2*c + 13. Calculate the remainder when 46 is divided by c.
1
Let r be 2/6 + 35/21. What is the remainder when 27 is divided by r/(-11) - (-112)/11?
7
Let t(i) = 16*i - 1. Calculate the remainder when t(2) is divided by 16.
15
Let y(p) = 2*p - 10. Let i be y(8). Suppose -5*q = -5*j, 2*q - 6*q + 16 = 4*j. What is the remainder when 37 is divided by -39*(i/j)/(-9)?
11
Let d be (-1)/4 - (-45)/(-12). Let b(f) = -3*f**3 - f**2 + 5*f + 1. Let h be b(d). Let u = -111 + h. What is the remainder when u is divided by 16?
14
Suppose 0 = c + 4*a + 6, -2*c - 3*a = a + 4. Let o be c/(-4) - (-1)/2. Suppose -s + 6 = -o*s. What is the remainder when 16 is divided by s?
4
Suppose 0 = -2*r + r + i, 5*r + 3*i + 8 = 0. Let z = 26 - r. What is the remainder when z is divided by 14?
13
Suppose 13 = 2*b - 13. Let s = 19 - 10. Let u = s + b. What is the remainder when u is divided by 8?
6
Suppose -v = -4*x - 2*v + 7, -v = 5. What is the remainder when 3 is divided by x?
0
Suppose -g + 2*g + 4*r = 45, 5*r + 100 = 5*g. Suppose 8*o - g = 3*o. What is the remainder when 9 is divided by o?
4
Let x(i) = 2*i - 9. Let b be x(6). Suppose 12 = -b*t + 39. Calculate the remainder when -1 - (-5)/(5/18) is divided by t.
8
Suppose 2*j = j + 71. Calculate the remainder when j is divided by 18.
17
Suppose -5*w = -4*f - 33, 2 = -4*w - 5*f + 53. What is the remainder when 34 is divided by w?
7
Let y = 45 + -30. What is the remainder when 27 is divided by y?
12
Suppose 3*p - 9 = 3. Let u(f) = f**3 - f**2 - 5*f + 1. What is the remainder when u(p) is divided by 10?
9
Let q = 117 - 49. What is the remainder when q is divided by 23?
22
Suppose 28*d = 24*d + 80. Calculate the remainder when 58 is divided by d.
18
Let k(y) = y + 6. Let n be k(-5). Let d be n*(16 - (0 + 1)). Let j = -4 + d. Calculate the remainder when 32 is divided by j.
10
Suppose -5*j + 81 = i - 92, 5*j + 2*i = 171. Let y(g) be the first derivative of g**3/3 + g**2 - 6*g + 1. What is the remainder when j is divided by y(4)?
17
Let r(f) = -f + 10. Calculate the remainder when 9 is divided by r(5).
4
Suppose -5*d + 95 = f - 3*f, -d + 5*f + 42 = 0. Let m = -5 - -19. What is the remainder when 1/((-4)/(-14))*m is divided by d?
15
Let p = -28 - -62. Calculate the remainder when 135 is divided by p.
33
Suppose 2*u = -5*h + 16, u + 2*h = -2*u + 13. Suppose -u*s + 0*s + 282 = 0. Calculate the remainder when s is divided by 24.
22
What is the remainder when 9 is divided by (14 - 16)/(1/(-1))?
1
Let x = -72 - -89. Calculate the remainder when x is divided by 5.
2
Suppose -4*a + 22 = -2*w, 4 - 15 = -3*a - 4*w. Let g(p) = 2*p**2 - 2*p - 1. What is the remainder when a is divided by g(-1)?
2
Let b(x) = 3 - 2 - 5*x**2 + 4*x**2 + 4*x**2. What is the remainder when b(-4) is divided by 17?
15
Let m be 1/(-2)*1*6. Let d = -1 - m. Suppose 2 = i + 4*p, -i + 2*p = -4*i + 6. Calculate the remainder when i is divided by d.
0
Suppose -l - 3 = -9. Let k = 30 - 22. What is the remainder when k is divided by l?
2
Suppose -2*u - u + 54 = 0. Calculate the remainder when u is divided by 10.
8
Let i(y) = -y - 2. Let k(m) = -m**3 - 3*m**2 + 4*m + 1. Calculate the remainder when i(-4) is divided by k(-4).
0
Let o(d) = -2*d + 0*d + 7 + 3*d. Calculate the remainder when o(-3) is divided by 3.
1
Let q = 9 - 2. Suppose -11 + 1 = 2*o - j, 5*o = -3*j - 3. Calculate the remainder when (-1 - 0 - o) + 18 is divided by q.
6
What is the remainder when 80 is divided by (-3 + (-24)/(-9))*-63?
17
Let j(g) = -g**3 - 11*g**2 - 11*g + 5. Suppose 0 = -6*y + 2*y - 40. What is the remainder when 58 is divided by j(y)?
13
Let g(d) = 2*d**2 - 4*d - 4. What is the remainder when g(8) is divided by 31?
30
Let v(s) = 3*s - 3. Suppose 0 = -7*n + 141 + 27. Calculate the remainder when n is divided by v(4).
6
Let s be (6 - (-2 + 5)) + -1. Calculate the remainder when 40 is divided by (s - 0) + (-24)/(-2).
12
Let c(x) = x**3 - x**2 - 2*x + 3. Let w be c(2). Suppose 164 = u + w*u. Calculate the remainder when u is divided by 14.
13
Suppose 5*o = 4*t - 3, 5*o - t - 2*t + 6 = 0. Let f(a) = -a**3 + 2*a**2 + 2*a - 4. Calculate the remainder when f(o) is divided by 13.
9
Suppose 4*g + 19 = -37. Let t = -6 - g. Calculate the remainder when (-55)/(-2) - (-4)/t is divided by 15.
13
Suppose -6*r + 86 = -4*r. Calculate the remainder when 82 is divided by r.
39
Let p = 162 - 78. Suppose -2*d - d - p = -3*f, -4*f + 157 = 5*d. What is the remainder when f is divided by 9?
6
Let s(g) be the second derivative of g**5/20 - g**3/6 + g**2/2 - 2*g. Let x be s(1). What is the remainder when x/5 + 416/20 is divided by 6?
3
Suppose -3*y + 83 = 14. Calculate the remainder when 66 is divided by y.
20
Let x = 4 + 54. What is the remainder when x is divided by 20?
18
Let s(f) = 3*f**2 + 5*f - 7. What is the remainder when 73 is divided by s(2)?
13
Let m(a) = -9*a**3 + a**2 - 1. Calculate the remainder when 17 is divided by m(-1).
8
Let c(q) = 3*q**2 + 4*q + 4. Suppose 3*z - 61 = 26. Let y = -19 + z. Calculate the remainder when c(-3) is divided by y.
9
Let v = 7 - -11. Calculate the remainder when v is divided by (0 + -1)/(2/(-20)).
8
Let a = -3 + 16. Calculate the remainder when -95*(65/25 - 3) is divided by a.
12
Let z(o) = 14*o**2 - 1. What is the remainder when 25 is divided by z(-1)?
12
Suppose 2*d - 17 = d - 3*a, d - 5*a - 57 = 0. Let l = -18 - -18. Suppose 0 = 5*z - l*z - 85. Calculate the remainder when d is divided by z.
15
What is the remainder when 14 is divided by (-51)/(-15) + 2/(-5)?
2
Let x = 6 - 6. Suppose 4*n - 12 = -x*z - 3*z, 2*n + 6 = 0. Let g = z - 3. Calculate the remainder when 9 is divided by g.
4
Let n(k) = -4*k - 18. Let i be n(-17). Let z = i - 23. Calculate the remainder when 78 is divided by z.
24
Suppose 2*v - d - 14 = 0, -5*v + 17 = -5*d - 18. What is the remainder when 24 is divided by v?
3
Suppose 4*f = 3*m + 55, -2*f + m = -7*f + 45. Let d = 126 + f. Suppose -d = -2*c - 2*c. Calculate the remainder when c is divided by 12.
10
Let g(w) = w**3 + 4*w**2 + w. Calculate the remainder when 14 is divided by g(-3).
2
Suppose -4*s + 16 = 0, 0 = -q - 4*s - s + 271. What is the remainder when q is divided by 14?
13
Suppose 3*m = -0*m. Suppose 12 = -m*u - 3*u. What is the remainder when 22 is divided by 40/(-15)*18/u?
10
What is the remainder when 21086/130 + 1/(-5) is divided by 33?
30
Let l = -21 + 37. Suppose 3*r - 2*u - 2*u = -10, 0 = r - 4*u + 14. Suppose r*d = -10 + 104. Calculate the remainder when d is divided by l.
15
Let w be (-2 + 0)/(-3 - -2). Let v(d) = 2*d - 1. Let g(l) = -l**2 + 7*l + 1. What is the remainder when v(w) is divided by g(7)?
0
Let r be (-2)/(-6) - (-26)/3. Suppose -2*x = 2, 3*x - 90 = -5*m - 2*x. Let o = m - r. What is the remainder when 28 is divided by o?
8
Let y(j) = -j**3 + 4*j**2 + 6*j + 5. Let t be y(5). Let k(i) = 17*i - 1. Let o be k(8). Suppose 5*q + t = o. What is the remainder when q is divided by 14?
11
Calculate the remainder when 5 is divided by 42/9 + 4/(-6).
1
Let m = 94 - 11. Let r = -29 + m. Suppose -4*t - r = -5*s - 158, 3*s - 105 = -3*t. What is the remainder when t is divided by 8?
7
Suppose 0 = 2*v + 279 - 405. What is the remainder when v is divided by 22?
19
Suppose 0*d = d - 2. Suppose -3*j = -d*j - 231. What is the remainder when 1/(j/(-117) + 2) is divided by 14?
11
Let g(h) = 58*h**2. Let o be g(1). Let s = -9 + o. Suppose 0*b + 17 = b. Calculate the remainder when s is divided by b.
15
Suppose 2*k = -5*k + 434. Calculate the remainder when k is divided by 16.
14
Let w(i) = -i**3 - 5*i**2 + 2*i + 4. Let o be w(-6). Let x = o - 18. What is the remainder when 110/4 - 7/(-14) is divided by x?
8
Suppose -1032 = -2*z - 10*z. Calculate the remainder when z is divided by 30.
26
Let b(g) = -g**2 - 7*g + 1. Calculate the remainder when b(-3) is divided by 5.
3
Let k = 7 - -8. What is the remainder when 59 is divided by k?
14
Calculate the remainder when 38 is divided by 4/(-10) - (-335)/25.
12
Let c = -23 + 12. Let m = 1 - c. Suppose q = 2*l + m, -2*l = 2*q + 3*l + 21. What is the remainder when 5 is divided by q?
1
Let f = 20 + -5. What is t